or of 164 and r?
41
Let y = -64 + 118. Let j be -7 + 16 + 157 + -4. Calculate the highest common divisor of y and j.
54
Let b(w) = 5*w**2 - 48*w + 18. Let y be b(10). What is the highest common factor of y and 323?
19
Let g(r) = -3*r - 10 - 2 - 2 + 11. Let y be g(-8). Calculate the greatest common divisor of y and 7.
7
Let w = -67 + 72. Suppose 3*i = x - 262, -w*x - 4*i - 357 = -1610. Calculate the greatest common divisor of x and 23.
23
Suppose -v - 5 = -9. Suppose -3*g - v*a = -4*g - 11, a = 3*g. What is the highest common factor of 1 and g?
1
Let y(m) = 10*m - 79. Let o be y(8). Let j = 15 - 8. What is the highest common divisor of j and o?
1
Suppose 26*k - 338 = 104. Calculate the highest common factor of k and 153.
17
Suppose -9*k + 6*k = 4*w - 208, -5*k - 5*w + 345 = 0. Let m be ((-9)/12)/(2/16). Let r be ((-2)/(-3))/(m/(-153)). What is the highest common factor of r and k?
17
Let r = -4653 + 4679. Let h be ((-65)/(-4))/((-3)/(-12)). What is the highest common divisor of h and r?
13
Let l(m) = 2*m**2 - 7*m + 5. Let d(o) = -3*o**2 + 15*o - 11. Let p(x) = 6*d(x) + 13*l(x). Let z be p(1). Calculate the greatest common divisor of 48 and z.
6
Let x(p) = -p**2 + 28*p - 159. Let g be x(19). Calculate the greatest common factor of g and 156.
12
Let c = -83 + 88. Let o be (35 - -1) + 5/(-5) + c. What is the greatest common factor of o and 8?
8
Suppose -126*c + 205 = -121*c. Calculate the greatest common divisor of c and 1.
1
Let s(q) = -q**3 + 9*q**2 - 11*q + 39. Let b be s(6). Calculate the greatest common divisor of 36 and b.
9
Let f be (-9)/3*(-3950)/150. Calculate the highest common divisor of 1817 and f.
79
Suppose -4*y - 26 = 4*g + 2, 3*y = 3*g + 45. Let o = g - -13. Let b be (24/(-36))/(o/(-3)). What is the highest common factor of b and 2?
1
Suppose -360*o + 356*o = -376. What is the highest common factor of o and 658?
94
Let y(n) = -54*n + 765. Let b be y(14). Calculate the highest common divisor of 324 and b.
9
Let g be (-2 - 13)/((6/44)/(-1)). Calculate the greatest common divisor of g and 132.
22
Suppose -20*h = -19*h + 9270. Let l = -2094 - h. Let j be l/56 + 2/(-14). What is the highest common factor of j and 32?
32
Let c(n) = n - 6. Let j be c(9). Suppose 0 = 9*r - j*r - 1998. What is the greatest common divisor of r and 37?
37
Suppose 5*i + 12 = 6*i. Let w = -2 + i. Suppose 20 = -4*j, 5*c - 2*c - j = 11. Calculate the highest common divisor of w and c.
2
Let a be -1179*(-5)/30 + 18/12. Calculate the highest common factor of 11 and a.
11
Let k(i) = i**3 - 2*i**2 + 3*i + 12. Let b be k(5). Suppose -4*p + b = -10. Calculate the highest common divisor of p and 308.
28
Let r(c) = -c**2 + 4*c. Let d be r(3). Suppose d*h - 10*h + 574 = 0. Let f = h - -28. What is the greatest common divisor of 10 and f?
10
Suppose 0*a + 4*z + 132 = a, 0 = 5*a + 3*z - 775. Suppose 319 = -19*y - 213. Let q be -7*(a/y + 4). Calculate the highest common divisor of 5 and q.
5
Suppose 7*b - 90 = 8. Let k be (7 + 0)*96/b. Calculate the greatest common divisor of 72 and k.
24
Let t be 7/((175/30)/5). Calculate the greatest common factor of 138 and t.
6
Let y be 12/8*188/(-6). Let j = 69 + y. Let t be 4/j + (-256)/(-44). What is the greatest common divisor of 24 and t?
6
Let g = 43 - -21. Suppose 4*n + 60 = -6*t + 10*t, -5*n - 27 = -2*t. What is the greatest common factor of t and g?
16
Suppose -2*w + 34 = t, -3*t + 84*w + 126 = 82*w. Calculate the greatest common divisor of t and 5.
5
Let f(s) = -11*s**3 - 3*s**2 - 4*s + 14. Let u be f(-4). Calculate the highest common divisor of u and 147.
49
Let n = 533 + -509. Calculate the highest common factor of 42 and n.
6
Let y(w) = 4*w - 20. Let x(j) = 3*j - 13. Let c(q) = -8*x(q) + 5*y(q). Let h be c(-10). What is the highest common divisor of h and 44?
44
Let r be 4*-41*(-2)/8. Suppose 4*h + z = 4*z + r, -3*z + 36 = 3*h. Let o = -4 + h. Calculate the highest common factor of 7 and o.
7
Let h = 60 + -20. Suppose -4*w + 16 = -h. Suppose 2*s = 4*o - 400, 0*s - s - 102 = -o. Calculate the greatest common divisor of w and o.
14
Let q(d) = -d - 7. Let l be q(-6). Let h = 4 - l. Suppose -428 = -3*y + h*t, -5*t - 292 = -y - y. Calculate the greatest common divisor of y and 34.
34
Let d = 138 + -110. Calculate the highest common factor of 140 and d.
28
Let q(k) = k**3 + 3*k**2 - 2*k - 1. Let g be q(-2). Let v be ((3850/15)/5)/(1*(-8)/(-12)). What is the greatest common divisor of v and g?
7
Let y = 44 - 19. Suppose -75 = -k + y. Calculate the greatest common divisor of 20 and k.
20
Suppose o = -2*o - 2*s + 260, 0 = 3*o + 3*s - 258. Let d(r) = -r**2 + 7*r + 268. Let l be d(20). What is the highest common divisor of o and l?
8
Let q = -72 - -34. Let v = q + 44. Calculate the greatest common factor of 4 and v.
2
Let q = 28 - 4. Calculate the highest common factor of q and 2.
2
Let c(d) = -d**3 + 2*d**2 + 5*d - 17. Let o be c(-8). Suppose 119 = y + 2*t, -5*y - 3*t + o = t. What is the greatest common divisor of 23 and y?
23
Let k(p) = 14*p**2 + 2*p - 2. Let w be k(-1). Let c = -3 - -93. Calculate the highest common divisor of c and w.
10
Let g(b) = 2*b**2 - 2. Let w be g(2). Let r = w - 0. Let m be 22*4/6*r. What is the greatest common factor of m and 11?
11
Suppose 39 = -4*p + 3*b + 210, 0 = -5*b - 25. What is the greatest common divisor of 117 and p?
39
Let z = 161 + -126. What is the highest common factor of 105 and z?
35
Let a be -15 + 14 + -1 + -1. Let d be 6 + a/(-12)*0. What is the greatest common factor of d and 24?
6
Let x be (6/(-8) - -1)*8. Suppose -x*g - 3 = -45. Calculate the highest common factor of 189 and g.
21
Let a = -31 + -2. Let b = a - -11. Let f be (-2)/(b/10 + 2). Calculate the greatest common divisor of f and 25.
5
Let w be ((-72)/10)/(252/(-33390)). What is the highest common divisor of w and 126?
18
Let t = -308 - -444. What is the greatest common factor of t and 34?
34
Let w = 264 - 109. Calculate the highest common divisor of 31 and w.
31
Suppose -13*s + 39 = -156. What is the greatest common divisor of 33 and s?
3
Suppose 450 = 5*p - 5*o, 10*p - 14*p = -o - 369. Suppose 0 = -3*m + m + 62. Calculate the highest common factor of p and m.
31
Let a be 160 + 1 + -1 - -1. Let o(v) = -2*v**2 + 110*v - 85. Let j be o(54). Calculate the highest common divisor of a and j.
23
Let x = -1286 + 2369. What is the greatest common factor of x and 57?
57
Suppose 2*j - 1 - 2 = 3*h, 0 = 3*j - 9. Suppose -h = z, o + 4*z + 7 = 2*o. Calculate the highest common factor of o and 3.
3
Suppose -2*c + 6*v = 4*v - 58, 2*c - 3*v - 57 = 0. Calculate the highest common factor of 30 and c.
30
Suppose 0*d = 2*d - 6. Suppose d*s = 3 + 3. Suppose -s*j = -5*j + 48. What is the greatest common factor of j and 16?
16
Let b(a) = 559*a - 228. Let u be b(4). Calculate the greatest common factor of 8 and u.
8
Let r(t) = 2*t**3 - 4*t**2 - t. Let z be r(3). Let c = -11 - -17. What is the greatest common factor of z and c?
3
Suppose -30*h + 153 = -267. Calculate the greatest common factor of 266 and h.
14
Suppose 2*p - 48 = 16. Suppose q + 6 = p. What is the greatest common factor of 13 and q?
13
Let y be (22/5)/(15 + 1460/(-100)). Let j(v) be the third derivative of -v**4/8 - v**3/6 - v**2. Let f be j(-4). What is the greatest common factor of y and f?
11
Let a = -21 + 20. Let b be 2 - 1/a - 12/(-4). Calculate the greatest common divisor of b and 24.
6
Let q(b) = 90*b**3 - 3*b**2 + b + 3. Let t be q(-1). Let s = t + 121. Calculate the highest common divisor of 5 and s.
5
Let i = 1 - -19. Suppose -2*f = -f - i. Suppose 76*z - 14079 + 1919 = 0. What is the highest common divisor of z and f?
20
Let y(b) = -3*b - 43. Let h be y(-25). What is the highest common factor of h and 2?
2
Let q be 1/(2/(-40))*(-70)/140. Calculate the highest common factor of q and 370.
10
Let x = -98 - -164. Suppose 60*r = 59*r + x. What is the greatest common divisor of 44 and r?
22
Let h = -3246 - -3294. Let m(s) = -s**2 + 9*s - 6. Let x be m(6). Calculate the greatest common divisor of h and x.
12
Let f be ((-8)/(-6) + 2)*(-456)/(-95). Calculate the highest common factor of f and 496.
16
Let g be (-6 - -6 - -6)*(-3)/(-9). Calculate the highest common factor of 8 and g.
2
Suppose -5*z + 9*z + j - 34 = 0, 0 = 5*z + 3*j - 46. What is the greatest common factor of 152 an